{"id":47,"date":"2023-03-07T13:34:09","date_gmt":"2023-03-07T13:34:09","guid":{"rendered":"https:\/\/ilp.edu.ar\/?page_id=47"},"modified":"2025-07-04T11:13:52","modified_gmt":"2025-07-04T11:13:52","slug":"administracion","status":"publish","type":"page","link":"https:\/\/ilp.edu.ar\/index.php\/administracion\/","title":{"rendered":"Administraci\u00f3n"},"content":{"rendered":"\t\t<div data-elementor-type=\"wp-page\" data-elementor-id=\"47\" class=\"elementor elementor-47\">\n\t\t\t\t\t\t\t\t\t<section class=\"elementor-section elementor-top-section elementor-element elementor-element-2fa954f elementor-section-boxed elementor-section-height-default elementor-section-height-default\" data-id=\"2fa954f\" data-element_type=\"section\">\n\t\t\t\t\t\t<div class=\"elementor-container elementor-column-gap-default\">\n\t\t\t\t\t<div class=\"elementor-column elementor-col-100 elementor-top-column elementor-element elementor-element-65fa532\" data-id=\"65fa532\" data-element_type=\"column\">\n\t\t\t<div class=\"elementor-widget-wrap elementor-element-populated\">\n\t\t\t\t\t\t\t\t<div class=\"elementor-element elementor-element-7a308ac elementor-widget elementor-widget-image\" data-id=\"7a308ac\" data-element_type=\"widget\" data-widget_type=\"image.default\">\n\t\t\t\t<div class=\"elementor-widget-container\">\n\t\t\t<style>\/*! elementor - v3.14.0 - 26-06-2023 *\/\n.elementor-widget-image{text-align:center}.elementor-widget-image a{display:inline-block}.elementor-widget-image a img[src$=\".svg\"]{width:48px}.elementor-widget-image img{vertical-align:middle;display:inline-block}<\/style>\t\t\t\t\t\t\t\t\t\t\t\t<img decoding=\"async\" width=\"973\" height=\"236\" src=\"https:\/\/ilp.edu.ar\/wp-content\/uploads\/2025\/07\/Aranceles-Julio-2025.jpg\" class=\"attachment-large size-large wp-image-1457\" alt=\"\" loading=\"lazy\" srcset=\"https:\/\/ilp.edu.ar\/wp-content\/uploads\/2025\/07\/Aranceles-Julio-2025.jpg 973w, https:\/\/ilp.edu.ar\/wp-content\/uploads\/2025\/07\/Aranceles-Julio-2025-300x73.jpg 300w, https:\/\/ilp.edu.ar\/wp-content\/uploads\/2025\/07\/Aranceles-Julio-2025-768x186.jpg 768w, https:\/\/ilp.edu.ar\/wp-content\/uploads\/2025\/07\/Aranceles-Julio-2025-320x78.jpg 320w, https:\/\/ilp.edu.ar\/wp-content\/uploads\/2025\/07\/Aranceles-Julio-2025-480x116.jpg 480w, https:\/\/ilp.edu.ar\/wp-content\/uploads\/2025\/07\/Aranceles-Julio-2025-800x194.jpg 800w\" sizes=\"(max-width: 973px) 100vw, 973px\" \/>\t\t\t\t\t\t\t\t\t\t\t\t\t\t\t<\/div>\n\t\t\t\t<\/div>\n\t\t\t\t\t<\/div>\n\t\t<\/div>\n\t\t\t\t\t\t\t<\/div>\n\t\t<\/section>\n\t\t\t\t<section class=\"elementor-section elementor-top-section elementor-element elementor-element-507f44c elementor-section-boxed elementor-section-height-default elementor-section-height-default\" data-id=\"507f44c\" data-element_type=\"section\">\n\t\t\t\t\t\t<div class=\"elementor-container elementor-column-gap-default\">\n\t\t\t\t\t<div class=\"elementor-column elementor-col-100 elementor-top-column elementor-element elementor-element-d588226\" data-id=\"d588226\" data-element_type=\"column\">\n\t\t\t<div class=\"elementor-widget-wrap\">\n\t\t\t\t\t\t\t\t\t<\/div>\n\t\t<\/div>\n\t\t\t\t\t\t\t<\/div>\n\t\t<\/section>\n\t\t\t\t<section class=\"elementor-section elementor-top-section elementor-element elementor-element-1bbf811 elementor-section-boxed elementor-section-height-default elementor-section-height-default\" data-id=\"1bbf811\" data-element_type=\"section\">\n\t\t\t\t\t\t<div class=\"elementor-container elementor-column-gap-default\">\n\t\t\t\t\t<div class=\"elementor-column elementor-col-100 elementor-top-column elementor-element elementor-element-e3ef984\" data-id=\"e3ef984\" data-element_type=\"column\">\n\t\t\t<div class=\"elementor-widget-wrap elementor-element-populated\">\n\t\t\t\t\t\t\t\t<div class=\"elementor-element elementor-element-9b672e9 elementor-widget elementor-widget-text-editor\" data-id=\"9b672e9\" data-element_type=\"widget\" data-widget_type=\"text-editor.default\">\n\t\t\t\t<div class=\"elementor-widget-container\">\n\t\t\t<style>\/*! elementor - v3.14.0 - 26-06-2023 *\/\n.elementor-widget-text-editor.elementor-drop-cap-view-stacked .elementor-drop-cap{background-color:#69727d;color:#fff}.elementor-widget-text-editor.elementor-drop-cap-view-framed .elementor-drop-cap{color:#69727d;border:3px solid;background-color:transparent}.elementor-widget-text-editor:not(.elementor-drop-cap-view-default) .elementor-drop-cap{margin-top:8px}.elementor-widget-text-editor:not(.elementor-drop-cap-view-default) .elementor-drop-cap-letter{width:1em;height:1em}.elementor-widget-text-editor .elementor-drop-cap{float:left;text-align:center;line-height:1;font-size:50px}.elementor-widget-text-editor .elementor-drop-cap-letter{display:inline-block}<\/style>\t\t\t\t<p><u>D\u00edas y Horarios de Atenci\u00f3n:<\/u><\/p>\n<ul>\n<li>De Lunes a Viernes de 8:00 hs a 12:00 hs.<\/li>\n<\/ul>\n<p><u>Medios de pago:<\/u><\/p>\n<ul>\n<li>D\u00e9bito Directo Bancario, Pago mis Cuentas, Pago F\u00e1cil y Transferencia Bancaria.<\/li>\n<\/ul>\n<p><u>Datos de contacto:<\/u><\/p>\n<ul><li><span style=\"font-style: inherit; font-weight: inherit; background-color: var(--ast-global-color-5);\">Mail: administraci\u00f3n@ilp.edu.ar<\/span><\/li><\/ul><div><ul><li><span style=\"background-color: var(--ast-global-color-5); color: var( --e-global-color-text ); font-family: var( --e-global-typography-text-font-family ), Sans-serif; font-style: inherit; font-weight: inherit;\">Tel\u00e9fono: 11-5175-0577<\/span><\/li>\n<\/ul>\n<\/div>\t\t\t\t\t\t<\/div>\n\t\t\t\t<\/div>\n\t\t\t\t\t<\/div>\n\t\t<\/div>\n\t\t\t\t\t\t\t<\/div>\n\t\t<\/section>\n\t\t\t\t\t\t\t<\/div>\n\t\t","protected":false},"excerpt":{"rendered":"<p>D\u00edas y Horarios de Atenci\u00f3n: De Lunes a Viernes de 8:00 hs a 12:00 hs. Medios de pago: D\u00e9bito Directo Bancario, Pago mis Cuentas, Pago F\u00e1cil y Transferencia Bancaria. Datos de contacto: Mail: administraci\u00f3n@ilp.edu.ar Tel\u00e9fono: 11-5175-0577<\/p>\n","protected":false},"author":1,"featured_media":0,"parent":0,"menu_order":0,"comment_status":"closed","ping_status":"closed","template":"","meta":{"_uag_custom_page_level_css":"","site-sidebar-layout":"default","site-content-layout":"default","ast-global-header-display":"","ast-banner-title-visibility":"","ast-main-header-display":"","ast-hfb-above-header-display":"","ast-hfb-below-header-display":"","ast-hfb-mobile-header-display":"","site-post-title":"","ast-breadcrumbs-content":"","ast-featured-img":"","footer-sml-layout":"","theme-transparent-header-meta":"default","adv-header-id-meta":"","stick-header-meta":"","header-above-stick-meta":"","header-main-stick-meta":"","header-below-stick-meta":""},"uagb_featured_image_src":{"full":false,"thumbnail":false,"medium":false,"medium_large":false,"large":false,"1536x1536":false,"2048x2048":false,"320w":false,"480w":false,"800w":false},"uagb_author_info":{"display_name":"ilpadmin","author_link":"https:\/\/ilp.edu.ar\/index.php\/author\/ilpadmin\/"},"uagb_comment_info":0,"uagb_excerpt":"D\u00edas y Horarios de Atenci\u00f3n: De Lunes a Viernes de 8:00 hs a 12:00 hs. Medios de pago: D\u00e9bito Directo Bancario, Pago mis Cuentas, Pago F\u00e1cil y Transferencia Bancaria. Datos de contacto: Mail: administraci\u00f3n@ilp.edu.ar Tel\u00e9fono: 11-5175-0577","_links":{"self":[{"href":"https:\/\/ilp.edu.ar\/index.php\/wp-json\/wp\/v2\/pages\/47"}],"collection":[{"href":"https:\/\/ilp.edu.ar\/index.php\/wp-json\/wp\/v2\/pages"}],"about":[{"href":"https:\/\/ilp.edu.ar\/index.php\/wp-json\/wp\/v2\/types\/page"}],"author":[{"embeddable":true,"href":"https:\/\/ilp.edu.ar\/index.php\/wp-json\/wp\/v2\/users\/1"}],"replies":[{"embeddable":true,"href":"https:\/\/ilp.edu.ar\/index.php\/wp-json\/wp\/v2\/comments?post=47"}],"version-history":[{"count":95,"href":"https:\/\/ilp.edu.ar\/index.php\/wp-json\/wp\/v2\/pages\/47\/revisions"}],"predecessor-version":[{"id":1460,"href":"https:\/\/ilp.edu.ar\/index.php\/wp-json\/wp\/v2\/pages\/47\/revisions\/1460"}],"wp:attachment":[{"href":"https:\/\/ilp.edu.ar\/index.php\/wp-json\/wp\/v2\/media?parent=47"}],"curies":[{"name":"wp","href":"https:\/\/api.w.org\/{rel}","templated":true}]}}